{"id":1602,"date":"2021-06-02T14:58:41","date_gmt":"2021-06-02T14:58:41","guid":{"rendered":"https:\/\/katariinakuvaa.fi\/?page_id=1602"},"modified":"2022-02-07T15:01:22","modified_gmt":"2022-02-07T13:01:22","slug":"miksi-valokuvaus-maksaa-niin-paljon","status":"publish","type":"page","link":"https:\/\/katariinakuvaa.fi\/index.php\/miksi-valokuvaus-maksaa-niin-paljon\/","title":{"rendered":"Mist\u00e4 kuvauksen hinta koostuu?"},"content":{"rendered":"\n<figure class=\"wp-block-pullquote is-style-default\"><blockquote><p>Asiakas ei maksa vain saaduista kuvista<\/p><\/blockquote><\/figure>\n\n\n\n<figure class=\"wp-block-gallery has-nested-images columns-default is-cropped wp-block-gallery-1 is-layout-flex wp-block-gallery-is-layout-flex\">\n<figure class=\"wp-block-image size-large\"><img loading=\"lazy\" decoding=\"async\" width=\"1024\" height=\"682\" data-id=\"2076\" src=\"https:\/\/katariinakuvaa.fi\/wp-content\/uploads\/2021\/06\/Webp.net-compress-image-38-2-1024x682.jpg\" alt=\"\" class=\"wp-image-2076\" srcset=\"https:\/\/katariinakuvaa.fi\/wp-content\/uploads\/2021\/06\/Webp.net-compress-image-38-2-1024x682.jpg 1024w, https:\/\/katariinakuvaa.fi\/wp-content\/uploads\/2021\/06\/Webp.net-compress-image-38-2-300x200.jpg 300w, https:\/\/katariinakuvaa.fi\/wp-content\/uploads\/2021\/06\/Webp.net-compress-image-38-2-768x511.jpg 768w, https:\/\/katariinakuvaa.fi\/wp-content\/uploads\/2021\/06\/Webp.net-compress-image-38-2-600x399.jpg 600w, https:\/\/katariinakuvaa.fi\/wp-content\/uploads\/2021\/06\/Webp.net-compress-image-38-2.jpg 1202w\" sizes=\"auto, (max-width: 1024px) 100vw, 1024px\" \/><\/figure>\n<\/figure>\n\n\n\n<h6 class=\"wp-block-heading\" id=\"hintaan-vaikuttavia-tekijoita\">Hintaan vaikuttavia tekij\u00f6it\u00e4:<\/h6>\n\n\n\n<ul class=\"wp-block-list\"><li>k\u00e4ytetty aika (yhteydenpito, matkat, kuvauksen suunnittelu, kuvaus, kuvien karsinta ja k\u00e4sittely sek\u00e4 kuvien ja laskun l\u00e4hett\u00e4minen)<\/li><li>kaluston pit\u00e4minen ajantasalla (mm. kamerat, objektiivit, lis\u00e4salamat, tietokone ja kuvausvaljaat)<\/li><li>kuvank\u00e4sittelyohjelman ja nettigallerian kuukausimaksut<\/li><li>nettisivujen yll\u00e4pitomaksut<\/li><li>osaaminen<\/li><li>ALV- ja tulovero<\/li><li>mahdolliset matkakustannukset<\/li><li>kirjanpito- ja laskutuspalvelu<\/li><\/ul>\n","protected":false},"excerpt":{"rendered":"<p>Asiakas ei maksa vain saaduista kuvista Hintaan vaikuttavia tekij\u00f6it\u00e4: k\u00e4ytetty aika (yhteydenpito, matkat, kuvauksen suunnittelu, kuvaus, kuvien karsinta ja k\u00e4sittely sek\u00e4 kuvien ja laskun l\u00e4hett\u00e4minen) kaluston pit\u00e4minen ajantasalla (mm. kamerat, objektiivit, lis\u00e4salamat, tietokone ja kuvausvaljaat) kuvank\u00e4sittelyohjelman ja nettigallerian kuukausimaksut nettisivujen yll\u00e4pitomaksut osaaminen ALV- ja tulovero mahdolliset matkakustannukset kirjanpito- ja laskutuspalvelu<\/p>\n","protected":false},"author":1,"featured_media":0,"parent":0,"menu_order":0,"comment_status":"closed","ping_status":"closed","template":"","meta":{"footnotes":""},"class_list":["post-1602","page","type-page","status-publish","hentry"],"_links":{"self":[{"href":"https:\/\/katariinakuvaa.fi\/index.php\/wp-json\/wp\/v2\/pages\/1602","targetHints":{"allow":["GET"]}}],"collection":[{"href":"https:\/\/katariinakuvaa.fi\/index.php\/wp-json\/wp\/v2\/pages"}],"about":[{"href":"https:\/\/katariinakuvaa.fi\/index.php\/wp-json\/wp\/v2\/types\/page"}],"author":[{"embeddable":true,"href":"https:\/\/katariinakuvaa.fi\/index.php\/wp-json\/wp\/v2\/users\/1"}],"replies":[{"embeddable":true,"href":"https:\/\/katariinakuvaa.fi\/index.php\/wp-json\/wp\/v2\/comments?post=1602"}],"version-history":[{"count":9,"href":"https:\/\/katariinakuvaa.fi\/index.php\/wp-json\/wp\/v2\/pages\/1602\/revisions"}],"predecessor-version":[{"id":2296,"href":"https:\/\/katariinakuvaa.fi\/index.php\/wp-json\/wp\/v2\/pages\/1602\/revisions\/2296"}],"wp:attachment":[{"href":"https:\/\/katariinakuvaa.fi\/index.php\/wp-json\/wp\/v2\/media?parent=1602"}],"curies":[{"name":"wp","href":"https:\/\/api.w.org\/{rel}","templated":true}]}}

Mistä kuvauksen hinta koostuu?

<figure class="wp-block-pullquote is-style-default"><blockquote><p>Asiakas ei maksa vain saaduista kuvista</p></blockquote></figure>



<figure class="wp-block-gallery has-nested-images columns-default is-cropped wp-block-gallery-1 is-layout-flex wp-block-gallery-is-layout-flex">
<figure class="wp-block-image size-large"><img loading="lazy" decoding="async" width="1024" height="682" data-id="2076" src="https://katariinakuvaa.fi/wp-content/uploads/2021/06/Webp.net-compress-image-38-2-1024x682.jpg" alt="" class="wp-image-2076" srcset="https://katariinakuvaa.fi/wp-content/uploads/2021/06/Webp.net-compress-image-38-2-1024x682.jpg 1024w, https://katariinakuvaa.fi/wp-content/uploads/2021/06/Webp.net-compress-image-38-2-300x200.jpg 300w, https://katariinakuvaa.fi/wp-content/uploads/2021/06/Webp.net-compress-image-38-2-768x511.jpg 768w, https://katariinakuvaa.fi/wp-content/uploads/2021/06/Webp.net-compress-image-38-2-600x399.jpg 600w, https://katariinakuvaa.fi/wp-content/uploads/2021/06/Webp.net-compress-image-38-2.jpg 1202w" sizes="auto, (max-width: 1024px) 100vw, 1024px" /></figure>
</figure>



<h6 class="wp-block-heading" id="hintaan-vaikuttavia-tekijoita">Hintaan vaikuttavia tekijöitä:</h6>



<ul class="wp-block-list"><li>käytetty aika (yhteydenpito, matkat, kuvauksen suunnittelu, kuvaus, kuvien karsinta ja käsittely sekä kuvien ja laskun lähettäminen)</li><li>kaluston pitäminen ajantasalla (mm. kamerat, objektiivit, lisäsalamat, tietokone ja kuvausvaljaat)</li><li>kuvankäsittelyohjelman ja nettigallerian kuukausimaksut</li><li>nettisivujen ylläpitomaksut</li><li>osaaminen</li><li>ALV- ja tulovero</li><li>mahdolliset matkakustannukset</li><li>kirjanpito- ja laskutuspalvelu</li></ul>

<p>Asiakas ei maksa vain saaduista kuvista Hintaan vaikuttavia tekijöitä: käytetty aika (yhteydenpito, matkat, kuvauksen suunnittelu, kuvaus, kuvien karsinta ja käsittely sekä kuvien ja laskun lähettäminen) kaluston pitäminen ajantasalla (mm. kamerat, objektiivit, lisäsalamat, tietokone ja kuvausvaljaat) kuvankäsittelyohjelman ja nettigallerian kuukausimaksut nettisivujen ylläpitomaksut osaaminen ALV- ja tulovero mahdolliset matkakustannukset kirjanpito- ja laskutuspalvelu</p>
